. Suppose y - f - 235 = 0, -2*f = q*y + f - 490. What are the prime factors of y?
239
Suppose -22370 + 910 = -10*k. What are the prime factors of k?
2, 29, 37
Let a(c) = 17*c**2 - 6*c + 306. What are the prime factors of a(14)?
2, 1777
Let o(d) = d**3 + d. Let l(x) = 7*x**3 + 2*x**2 - 9*x + 14. Let y(a) = -l(a) + 6*o(a). What are the prime factors of y(-7)?
2, 3, 7
Let j(d) = 2*d**3 + d**2 + 919. List the prime factors of j(0).
919
Suppose -4*i + 10*i = -312. Let n = i + 37. Let f = n - -67. What are the prime factors of f?
2, 13
Let x(q) = q**2 - 13*q + 5. Let i be x(13). Suppose i*c + 5*w - 80 = 0, -w + 36 = c + 4*w. Let o(f) = f + 13. List the prime factors of o(c).
2, 3
Suppose 7 = -4*b - 3*j - 1, -j - 4 = 0. Let s(x) = -2*x**3 + b + 5*x - 5 + x**3 - 12*x**2 + 17*x**2. List the prime factors of s(4).
2
Let c(m) = 7*m**2 + 92*m - 10. What are the prime factors of c(-17)?
449
Suppose -i - 1338 = -5*h, 2*h + 5*i = 10*i + 549. What are the prime factors of h?
3, 89
Suppose -2*x = -6*x - 2*p + 6, -x + 2*p - 6 = 0. Suppose -m = -73 - x. Suppose -4*h + 4*b = 5*b - m, -4*b + 105 = 5*h. List the prime factors of h.
17
Let i(v) = 6*v - 13. Let u(p) = -7*p**3 - p**2. Let s be u(-1). What are the prime factors of i(s)?
23
Let d(h) be the first derivative of 23*h**3/3 + h**2 - 14*h - 18. What are the prime factors of d(3)?
199
Let o be (40/(-35))/((-6)/21). Suppose 2*g - 96 = -5*a + o*a, 3*g - 3*a = 144. List the prime factors of 16/8 + g/1.
2, 5
Let f be 6/8 - (-908)/(-16). Let l = f + 133. List the prime factors of l.
7, 11
Let h(l) = l**2 + 9*l - 8. Let j be h(7). List the prime factors of j/6*(-24)/(-16).
2, 13
Suppose 5*q - 3*p + 12 = 0, -p + 4 = -q + 6*q. Suppose -u - 4 - 4 = q. Let l(s) = -3*s - 10. What are the prime factors of l(u)?
2, 7
Suppose 3*j - 2*j = 4*i - 2949, -i + 4*j + 741 = 0. List the prime factors of i.
11, 67
Let s(d) = d**3 + 8*d**2 + 2. Let z be s(-8). Let b = 34 + z. What are the prime factors of b?
2, 3
Let d = 482 - -522. List the prime factors of d.
2, 251
Let v(u) = u**2 + 15*u + 12. Let w be v(-16). Let r = 46 + w. List the prime factors of r.
2, 37
Suppose 7*d - 2*d - 5860 = 0. List the prime factors of d.
2, 293
Let i = 9 + -2. Suppose -12*y = -i*y - 25. What are the prime factors of y?
5
Let i(j) = -j**3 + 3*j**2 + 7*j - 11. What are the prime factors of i(-6)?
271
List the prime factors of (2798 - 0) + (-2 - -6).
2, 3, 467
Suppose 3*f - 5*n + n - 231 = 0, -2*n = 2*f - 140. List the prime factors of f.
73
Suppose 3*s + y - 706 = 0, -1172 = 20*s - 25*s - 4*y. List the prime factors of s.
2, 59
Suppose 3*b = -3*h - 21, 0 = b - 7*h + 4*h + 15. Let n(r) = r**2 + 9*r - 11. Let f be n(b). Let x = f - -82. What are the prime factors of x?
71
Let z be -7 - (-8 - -2)/(-3). Suppose -4*y + 42 + 22 = -4*w, 0 = -3*y - 3*w + 54. Let p = z + y. List the prime factors of p.
2
Let z = 440 + -258. What are the prime factors of z?
2, 7, 13
Suppose 10 + 6 = 4*j. Let r(w) = 23*w + 9. List the prime factors of r(j).
101
Suppose 5*s + 28 = 4*w + 5, s = -4*w + 5. Suppose 71 = 2*q - 3*o, w*o + 61 = 5*q - 111. What are the prime factors of q?
2, 17
Suppose 6*q - q - 5 = 0. Let c be (6/4 + q)*90. Suppose 0 = 7*u - 2*u - c. List the prime factors of u.
3, 5
Let h(w) = 4124*w - 8. List the prime factors of h(1).
2, 3, 7
Let s = 12 + -16. Let g = s + 0. What are the prime factors of (3/(-4))/(g/16)?
3
Let a be (-6)/(-1) - (-24)/(-8). Let u be (1/a)/(10/330). Suppose 3*f = 74 - u. List the prime factors of f.
3, 7
Let v(x) = 62*x - 144. List the prime factors of v(12).
2, 3, 5
Suppose -18 = -2*f - f. Suppose -c + y - 4 = -3, -c + 2*y = f. Suppose -c*p = p - 75. What are the prime factors of p?
3, 5
Let p be 41 - (-6)/(-3)*1. Let b = 119 - p. What are the prime factors of b?
2, 5
Let q = 41 - 33. Let m(h) = 12*h - 11. What are the prime factors of m(q)?
5, 17
Suppose -3*n = -7*n + 16. Let u be (1 + -2)/(12/180). What are the prime factors of (-267)/u - n/(-20)?
2, 3
Suppose 0 = n - 1, 2*b - b + n = -25. Let k = 133 - b. List the prime factors of k.
3, 53
Let s(q) = 11*q - 21. Let f be (-9)/((0 - 4) + 3). List the prime factors of s(f).
2, 3, 13
Let o(y) = y**2 + 6*y + 9. Let q = 34 + -25. What are the prime factors of o(q)?
2, 3
What are the prime factors of 2362/(-3)*144/(-48)?
2, 1181
Suppose -53 + 228 = n. Suppose -r - n = 4*r. Let k = r + 56. List the prime factors of k.
3, 7
Suppose -132 = -s - 3*x, 3*s = -4*x - 0*x + 416. List the prime factors of s.
2, 3
Suppose 1283 = 3*q - 304. List the prime factors of q.
23
Let m(j) = 68*j**2 - 16*j - 1. List the prime factors of m(3).
563
Let w(y) = 57*y + 156. What are the prime factors of w(7)?
3, 5, 37
Suppose -2*z + 5*w + 2787 = 0, -4*w + 0*w = -5*z + 7010. List the prime factors of z.
2, 19, 37
Suppose -b + 51 = -u - 4*b, 4*u - 4*b + 124 = 0. Let q = 101 - u. Let w = q - 98. List the prime factors of w.
3, 13
Let u = -4 - -18. Suppose -3*y - u = -5. List the prime factors of (-3)/(-2*y/(-16)).
2
Let q = 12 + -7. Suppose 10*s + 171 = 29*s. Suppose -s = -2*z + q. What are the prime factors of z?
7
Let a be -2 + (-4 + -1)*-2. Let w be 5*4*2/a. Suppose -2*h = w*b - 0*h - 155, -4*h - 93 = -3*b. What are the prime factors of b?
31
Suppose -9 = -2*i + 5*q, 2*q = 5*q - 9. Let a(m) = -m + 14. Let z be a(i). Suppose z = j - 63. List the prime factors of j.
5, 13
Let n be 1968/10*5/(-3)*-2. Suppose -4*f = 3*k - 636, -4*f + 0*k = -2*k - n. List the prime factors of f.
2, 3
Let d = -302 - -331. List the prime factors of d.
29
Let w(v) = -v**3 - 5*v**2 + 7*v + 16. What are the prime factors of w(-7)?
5, 13
Suppose -20 = 5*s - 25. List the prime factors of (s - 1) + 265 + -6 + 5.
2, 3, 11
Suppose -4*g + 3*a + 4909 = 0, -2218 = -3*g - 4*a + 1470. What are the prime factors of g?
2, 307
Let w = 12 + 3. What are the prime factors of 6/9 - (-3200)/w?
2, 107
Suppose 0 = -85*g + 90*g - 95. What are the prime factors of g?
19
Let u(j) = -9 - 11*j - 21*j - 31 - 10*j. List the prime factors of u(-4).
2
Let m = 26 - 11. Let v be 0*(m/(-9) + 2). Suppose 4*j + 5*l = 88, v*j - 22 = -j + 4*l. List the prime factors of j.
2, 11
Suppose -5*i - 3*q = -0*q - 2800, i = -5*q + 560. What are the prime factors of i?
2, 5, 7
Let o(u) = 2*u**3 - u**2 + 5*u + 374. List the prime factors of o(0).
2, 11, 17
Suppose -3684 = -2*o - 5*m, -3*m - 5734 = -5*o + 3414. What are the prime factors of o?
2, 229
Let l(z) = -z**2 - 20*z - 28. What are the prime factors of l(-10)?
2, 3
Let v(y) = -6*y + 23. Let f be v(3). Suppose -f*q - 2*c + 237 = -470, 4*q - 3*c - 561 = 0. List the prime factors of q.
3, 47
Suppose -2*l - 562 = -2*y, -557 = -2*y - 5*l + 19. List the prime factors of y.
283
Let h be 21 - (7 - (-9)/(-3)). Let s = h - -8. List the prime factors of s.
5
What are the prime factors of 345/(-138)*(-1 + (-1 - 380))?
5, 191
Suppose -236 - 996 = -4*p. Suppose 2*s + 2*j - p = -2*s, j + 308 = 4*s. What are the prime factors of s?
7, 11
Let r = 3713 - -124. List the prime factors of r.
3, 1279
Suppose 0 = 2*d - 0*d + 3*o - 19, -29 = -4*d - 3*o. Let i(l) = 3*l**3 - l**2 - 4*l + 2. List the prime factors of i(d).
2, 83
Suppose 3*k + 4*r + 14 - 61 = 0, 35 = 5*k - 2*r. Suppose k*b - 950 = 4*b. List the prime factors of b.
2, 5, 19
Suppose 10*m - 58283 = -3793. List the prime factors of m.
5449
Let f = -10 - -6. List the prime factors of f + 225/3 + 3.
2, 37
Let w = 2753 - 1332. List the prime factors of w.
7, 29
Let o(u) = u**3 - 6*u**2 - 6*u + 1. Let x be o(6). Let a = 23 + x. Let l(c) = c**3 + 13*c**2 + 11*c + 7. List the prime factors of l(a).
19
Suppose 0 = -5*w + 5*m + 10, -4*w - 4*m + 7*m = -8. Suppose 3*l + 1 = k - 6, 3*k + 35 = -5*l. What are the prime factors of (-55)/22*k*w?
5
Let z be (1 - 6)*(2 + -3). Let s(r) = 2*r**2 + r + 12. Let f be s(z). Let c = -36 + f. List the prime factors of c.
31
Let d(o) = -96*o - 33. What are the prime factors of d(-4)?
3, 13
Let h = -65 - -71. What are the prime factors of 4/h + (-3370)/(-30)?
113
List the prime factors of ((-497)/28 - 0)*(-132)/3.
11, 71
Suppose -2*f = 4, -4*r + 571 = -5*f - 327. Let d = 315 - r. List the prime factors of d.
3, 31
Let w(z) = 11*z**3 + 8*z**2 - 6*z - 33. What are the prime factors of w(6)?
3, 5, 173
Suppose -7*f = -6*f - 8. Let x(u) = -u + 1. Let s(g) = g**3 - 8*g**2 + 2